{"id":32,"date":"2016-05-05T17:24:03","date_gmt":"2016-05-05T15:24:03","guid":{"rendered":"http:\/\/chrischonawp.st-schuler.de\/?page_id=32"},"modified":"2024-02-20T16:18:54","modified_gmt":"2024-02-20T15:18:54","slug":"geschichte","status":"publish","type":"page","link":"https:\/\/backup.chrischona-altheim.de\/?page_id=32","title":{"rendered":"Geschichte"},"content":{"rendered":"\n<h4 class=\"wp-block-heading\">Die Entstehung<\/h4>\n\n\n\n<div class=\"wp-block-media-text alignwide is-stacked-on-mobile\"><figure class=\"wp-block-media-text__media\"><img loading=\"lazy\" decoding=\"async\" width=\"280\" height=\"140\" src=\"https:\/\/backup.chrischona-altheim.de\/wp-content\/uploads\/2016\/05\/csm_christian_friedrich_spittler_d70105255f.jpg\" alt=\"\" class=\"wp-image-173 size-full\"\/><\/figure><div class=\"wp-block-media-text__content\">\n<p>Der 8. M\u00e4rz 1840 ist das Gr\u00fcndungsdatum von Chrischona International. An diesem Sonntag weihte Christian Friedrich Spittler die damals bauf\u00e4llige Kirche auf St. Chrischona bei Basel (Schweiz) neu. Er wollte junge Handwerker im christlichen Glauben schulen. Anschlie\u00dfend sollten sie als \u201ePilgermissionare\u201c in die Welt ziehen und das Evangelium von Jesus Christus erz\u00e4hlen. F\u00fcr ihre Ausbildung mietete er im Jahr 1840 vom Kanton Basel Stadt die Kirche \u201eSt.\u00a0Chrischona\u201c auf dem Basler Hausberg, renovierte sie und begann mit dem Unterricht. Aus den kleinen, bescheidenen Anf\u00e4ngen wuchs eine bl\u00fchende, theologische Ausbildungsst\u00e4tte. Von seinem Gr\u00fcndungsort, der ehemaligen Wallfahrtskirche \u201eSt. Chrischona\u201c, erhielt das Werk seinen Namen.<\/p>\n\n\n\n<p>Auch heute noch leben, studieren und arbeiten viele Menschen auf St. Chrischona. Schau doch mal rein: <\/p>\n\n\n\n<p><a href=\"https:\/\/tsc.education\/\" target=\"_blank\" rel=\"noreferrer noopener\">Theologisches Seminar St. Chrischona<\/a><\/p>\n\n\n\n<p><a href=\"https:\/\/chrischona-berg.ch\/\" data-type=\"URL\" data-id=\"https:\/\/chrischona-berg.ch\/\" target=\"_blank\" rel=\"noreferrer noopener\">Chrischona-Campus<\/a><\/p>\n<\/div><\/div>\n\n\n\n<h4 class=\"wp-block-heading\">Ein kurzer Abriss der Geschichte<\/h4>\n\n\n\n<div class=\"wp-block-media-text alignwide is-stacked-on-mobile\"><figure class=\"wp-block-media-text__media\"><img loading=\"lazy\" decoding=\"async\" width=\"800\" height=\"526\" src=\"https:\/\/backup.chrischona-altheim.de\/wp-content\/uploads\/2016\/05\/csm_chrischona-campus-historische-ansicht-um-1900_f0c291eb1b.jpg\" alt=\"\" class=\"wp-image-172 size-full\" srcset=\"https:\/\/backup.chrischona-altheim.de\/wp-content\/uploads\/2016\/05\/csm_chrischona-campus-historische-ansicht-um-1900_f0c291eb1b.jpg 800w, https:\/\/backup.chrischona-altheim.de\/wp-content\/uploads\/2016\/05\/csm_chrischona-campus-historische-ansicht-um-1900_f0c291eb1b-600x395.jpg 600w, https:\/\/backup.chrischona-altheim.de\/wp-content\/uploads\/2016\/05\/csm_chrischona-campus-historische-ansicht-um-1900_f0c291eb1b-300x197.jpg 300w, https:\/\/backup.chrischona-altheim.de\/wp-content\/uploads\/2016\/05\/csm_chrischona-campus-historische-ansicht-um-1900_f0c291eb1b-768x505.jpg 768w\" sizes=\"auto, (max-width: 800px) 100vw, 800px\" \/><\/figure><div class=\"wp-block-media-text__content\">\n<p>Nach dem Tod Spittlers 1867 \u00fcbernahm Carl Heinrich Rappard die Leitung der Pilgermission St. Chrischona und 1869 wurde in Mattwil im Thurgau eine erste Chrischona-Gemeinschaft gegr\u00fcndet. Das war der erste Schritt zur eigenst\u00e4ndigen Gemeindearbeit. Heute gibt es knapp 100 Gemeinden in der Schweiz, die eine eigenst\u00e4ndige Freikirche sind.&nbsp;<\/p>\n\n\n\n<p><a href=\"https:\/\/www.chrischona.ch\/\" data-type=\"URL\" data-id=\"https:\/\/www.chrischona.ch\/\" target=\"_blank\" rel=\"noreferrer noopener\">Schweizer Chrischona-Verband &#8222;Viva-Kirche&#8220;<\/a><\/p>\n\n\n\n<p>Auch in Deutschland kam es zu Gr\u00fcndungen von Evangelischen Gemeinschaften, die erste 1878 in Lich bei Gie\u00dfen. Bis heute folgten ihr mehr als 60 weitere Stadtmissionen und Gemein-schaften. Sie bilden das Chrischona-Gemeinschaftswerk, das Mitglied des Evangelischen Gnadauer Gemeinschaftsverbandes ist, dem Dachverband der Landeskirchlichen Gemein-schaftsverb\u00e4nde in Deutschland. <\/p>\n\n\n\n<p><a href=\"https:\/\/chrischona.de\/\" data-type=\"URL\" data-id=\"https:\/\/chrischona.de\/\" target=\"_blank\" rel=\"noreferrer noopener\">Chrischona-Gemeinschafswerk<\/a><\/p>\n\n\n\n<p>Au\u00dferdem gibt es rund 20&nbsp;franz\u00f6sische Chrischona-Gemeinden im Elsass, Jura und der Wende.&nbsp;<\/p>\n\n\n\n<p><\/p>\n<\/div><\/div>\n\n\n\n<h4 class=\"wp-block-heading\">Die Altheimer Geschichte<\/h4>\n\n\n\n<div class=\"wp-block-media-text alignwide is-stacked-on-mobile\"><figure class=\"wp-block-media-text__media\"><img loading=\"lazy\" decoding=\"async\" width=\"1024\" height=\"664\" src=\"https:\/\/backup.chrischona-altheim.de\/wp-content\/uploads\/2016-08-02-13.16.10-1024x664.jpg\" alt=\"\" class=\"wp-image-1047 size-full\" srcset=\"https:\/\/backup.chrischona-altheim.de\/wp-content\/uploads\/2016-08-02-13.16.10-1024x664.jpg 1024w, https:\/\/backup.chrischona-altheim.de\/wp-content\/uploads\/2016-08-02-13.16.10-600x389.jpg 600w, https:\/\/backup.chrischona-altheim.de\/wp-content\/uploads\/2016-08-02-13.16.10-300x195.jpg 300w, https:\/\/backup.chrischona-altheim.de\/wp-content\/uploads\/2016-08-02-13.16.10-768x498.jpg 768w\" sizes=\"auto, (max-width: 1024px) 100vw, 1024px\" \/><\/figure><div class=\"wp-block-media-text__content\">\n<p>Die Gemeinschaftsarbeit in Altheim, aus der die Ev. Chrischona-Gemeinde hervorgegangen ist, begann im Jahr 1912. Man traf sich zu Beginn in verschiedenen Altheimer H\u00e4usern, bevor in den Jahren 1919 \u2013 1926 das heutige Haus in der Brunnengasse gebaut wurde und Karl Zeltner als Prediger des W\u00fcrttembergischen Br\u00fcderbundes nach Altheim kam.<\/p>\n\n\n\n<p>Manch \u00e4lteren Altheimern wird seine G\u00e4rtnerei noch in Erinnerung sein, die er neben seiner Arbeit f\u00fcr die Gemeinde betrieb. Auf Wunsch vieler Eltern wurde 1926 im neu fertiggestellten&nbsp;Haus ein Kindergarten gegr\u00fcndet, der bis 1953 dort beheimatet war. 1931 wurde das Haus und die Arbeit von der Pilgermission St. Chrischona \u00fcbernommen und in den f\u00fcnfziger Jahren das Gemeinschaftshaus zu einem Freizeithaus umgebaut, in dem bis 1978 zahlreiche Freizeiten stattfanden. Gegen Ende der Freizeitarbeit wurde der erste Stock des Hauses in eine Wohnung umgebaut, in die dann 1979 Edmund Siebeneich mit seiner Frau einzog. <\/p>\n<\/div><\/div>\n\n\n\n<div class=\"wp-block-media-text alignwide is-stacked-on-mobile\"><figure class=\"wp-block-media-text__media\"><img loading=\"lazy\" decoding=\"async\" width=\"1024\" height=\"616\" src=\"https:\/\/backup.chrischona-altheim.de\/wp-content\/uploads\/2016-08-02-13.17.30-1024x616.jpg\" alt=\"\" class=\"wp-image-1048 size-full\" srcset=\"https:\/\/backup.chrischona-altheim.de\/wp-content\/uploads\/2016-08-02-13.17.30-1024x616.jpg 1024w, https:\/\/backup.chrischona-altheim.de\/wp-content\/uploads\/2016-08-02-13.17.30-600x361.jpg 600w, https:\/\/backup.chrischona-altheim.de\/wp-content\/uploads\/2016-08-02-13.17.30-300x181.jpg 300w, https:\/\/backup.chrischona-altheim.de\/wp-content\/uploads\/2016-08-02-13.17.30-768x462.jpg 768w\" sizes=\"auto, (max-width: 1024px) 100vw, 1024px\" \/><\/figure><div class=\"wp-block-media-text__content\">\n<p>Neben Altheim gab es viele Jahrzehnte auch in B\u00f6rslingen, Gerstetten, Heuchstetten, Holzkirch, Neenstetten, Nerenstetten und Weidenstetten Bibelstunden oder sonstige regelm\u00e4\u00dfige Veranstaltungen.&nbsp;In den neunziger Jahren wurde das Chrischona-Gemeindehaus schlie\u00dflich um einen neuen, gr\u00f6\u00dferen Gottesdienstsaal, Toiletten, einem B\u00fcro und Kinderr\u00e4umen erg\u00e4nzt.&nbsp;Heute z\u00e4hlen sich \u00fcber hundert Christen aus Altheim und der Umgebung zur Ev. Chrischona-Gemeinde. Neben den Gottesdiensten sonntags um 10 Uhr gibt es vielf\u00e4ltige Angebote f\u00fcr Kinder, Jugendliche, Erwachsene und Senioren.<\/p>\n<\/div><\/div>\n","protected":false},"excerpt":{"rendered":"<p>Die Entstehung Der 8. M\u00e4rz 1840 ist das Gr\u00fcndungsdatum von Chrischona International. An diesem Sonntag weihte Christian Friedrich Spittler die damals bauf\u00e4llige Kirche auf St. Chrischona bei Basel (Schweiz) neu. Er wollte junge Handwerker im christlichen Glauben schulen. Anschlie\u00dfend sollten &#8230;<\/p>\n","protected":false},"author":1,"featured_media":0,"parent":0,"menu_order":0,"comment_status":"closed","ping_status":"closed","template":"","meta":{"_acf_changed":false,"advgb_blocks_editor_width":"","advgb_blocks_columns_visual_guide":"","footnotes":""},"class_list":["post-32","page","type-page","status-publish","hentry"],"acf":[],"coauthors":[],"author_meta":{"author_link":"https:\/\/backup.chrischona-altheim.de\/?author=1","display_name":"Steph"},"relative_dates":{"created":"Posted 10\u00a0Jahren ago","modified":"Updated 2\u00a0Jahren ago"},"absolute_dates":{"created":"Posted on 5. Mai 2016","modified":"Updated on 20. Februar 2024"},"absolute_dates_time":{"created":"Posted on 5. Mai 2016 17:24","modified":"Updated on 20. Februar 2024 16:18"},"featured_img_caption":"","featured_img":false,"series_order":"","_links":{"self":[{"href":"https:\/\/backup.chrischona-altheim.de\/index.php?rest_route=\/wp\/v2\/pages\/32","targetHints":{"allow":["GET"]}}],"collection":[{"href":"https:\/\/backup.chrischona-altheim.de\/index.php?rest_route=\/wp\/v2\/pages"}],"about":[{"href":"https:\/\/backup.chrischona-altheim.de\/index.php?rest_route=\/wp\/v2\/types\/page"}],"author":[{"embeddable":true,"href":"https:\/\/backup.chrischona-altheim.de\/index.php?rest_route=\/wp\/v2\/users\/1"}],"replies":[{"embeddable":true,"href":"https:\/\/backup.chrischona-altheim.de\/index.php?rest_route=%2Fwp%2Fv2%2Fcomments&post=32"}],"version-history":[{"count":62,"href":"https:\/\/backup.chrischona-altheim.de\/index.php?rest_route=\/wp\/v2\/pages\/32\/revisions"}],"predecessor-version":[{"id":6786,"href":"https:\/\/backup.chrischona-altheim.de\/index.php?rest_route=\/wp\/v2\/pages\/32\/revisions\/6786"}],"wp:attachment":[{"href":"https:\/\/backup.chrischona-altheim.de\/index.php?rest_route=%2Fwp%2Fv2%2Fmedia&parent=32"}],"curies":[{"name":"wp","href":"https:\/\/api.w.org\/{rel}","templated":true}]}}