{"id":6496,"date":"2023-07-06T18:22:05","date_gmt":"2023-07-06T16:22:05","guid":{"rendered":"https:\/\/chrischona-altheim.de\/?page_id=6496"},"modified":"2025-05-26T10:10:31","modified_gmt":"2025-05-26T08:10:31","slug":"waldcamp-2-0","status":"publish","type":"page","link":"https:\/\/backup.chrischona-altheim.de\/?page_id=6496","title":{"rendered":"WaldCamp 2.0"},"content":{"rendered":"\n<figure class=\"wp-block-image size-large is-resized\"><img loading=\"lazy\" decoding=\"async\" width=\"1024\" height=\"510\" src=\"https:\/\/backup.chrischona-altheim.de\/wp-content\/uploads\/waldcamp2-0-1024x510.jpg\" alt=\"\" class=\"wp-image-6501\" style=\"width:1216px;height:606px\" srcset=\"https:\/\/backup.chrischona-altheim.de\/wp-content\/uploads\/waldcamp2-0-1024x510.jpg 1024w, https:\/\/backup.chrischona-altheim.de\/wp-content\/uploads\/waldcamp2-0-300x150.jpg 300w, https:\/\/backup.chrischona-altheim.de\/wp-content\/uploads\/waldcamp2-0-768x383.jpg 768w, https:\/\/backup.chrischona-altheim.de\/wp-content\/uploads\/waldcamp2-0-1536x766.jpg 1536w, https:\/\/backup.chrischona-altheim.de\/wp-content\/uploads\/waldcamp2-0-2048x1021.jpg 2048w\" sizes=\"auto, (max-width: 1024px) 100vw, 1024px\" \/><\/figure>\n\n\n\n<div class=\"wp-block-columns is-layout-flex wp-container-core-columns-is-layout-28f84493 wp-block-columns-is-layout-flex\">\n<div class=\"wp-block-column is-layout-flow wp-block-column-is-layout-flow\">\n<p><strong>Das WaldCamp 2.0<br><\/strong>ist ein Zeltlager f\u00fcr Teens im Alter zwischen 13 und 16 Jahren. Unser altbekannter Zeltplatz liegt wundersch\u00f6n am Waldrand bei der Gemeinde Bissingen ob Lone in der N\u00e4he von Herbrechtingen.<br>Gemeinsam m\u00f6chten Mitarbeiter der Ev. Chrischona-Gemeinden aus Sontheim, Altheim\/Alb, Herbrechtingen, Heidenheim und dem EC-West den jungen Menschen die frohe Botschaft von Jesus Christus authentisch weitergeben.<\/p>\n\n\n\n<div class=\"wp-block-columns is-layout-flex wp-container-core-columns-is-layout-28f84493 wp-block-columns-is-layout-flex\">\n<div class=\"wp-block-column is-layout-flow wp-block-column-is-layout-flow\"><\/div>\n<\/div>\n<\/div>\n\n\n\n<div class=\"wp-block-column is-layout-flow wp-block-column-is-layout-flow\">\n<p>Auf dem Camp gibt es so einiges zu erleben, z. B. Outdoor-Aktivit\u00e4ten, (da hat schon so mancher seine Grenzen erweitert), Spiele, singen, feiern und einfach nur gemeinsam relaxen.<\/p>\n\n\n\n<p><\/p>\n<\/div>\n<\/div>\n\n\n\n<div class=\"wp-block-columns is-layout-flex wp-container-core-columns-is-layout-28f84493 wp-block-columns-is-layout-flex\">\n<div class=\"wp-block-column is-layout-flow wp-block-column-is-layout-flow\">\n<figure class=\"wp-block-image size-large\"><img loading=\"lazy\" decoding=\"async\" width=\"724\" height=\"1024\" src=\"https:\/\/backup.chrischona-altheim.de\/wp-content\/uploads\/WaldCamp-2.0-724x1024.jpg\" alt=\"\" class=\"wp-image-7333\" srcset=\"https:\/\/backup.chrischona-altheim.de\/wp-content\/uploads\/WaldCamp-2.0-724x1024.jpg 724w, https:\/\/backup.chrischona-altheim.de\/wp-content\/uploads\/WaldCamp-2.0-212x300.jpg 212w, https:\/\/backup.chrischona-altheim.de\/wp-content\/uploads\/WaldCamp-2.0-768x1086.jpg 768w, https:\/\/backup.chrischona-altheim.de\/wp-content\/uploads\/WaldCamp-2.0-1086x1536.jpg 1086w, https:\/\/backup.chrischona-altheim.de\/wp-content\/uploads\/WaldCamp-2.0.jpg 1131w\" sizes=\"auto, (max-width: 724px) 100vw, 724px\" \/><\/figure>\n\n\n\n<figure class=\"wp-block-image size-large\"><img loading=\"lazy\" decoding=\"async\" width=\"724\" height=\"1024\" src=\"https:\/\/backup.chrischona-altheim.de\/wp-content\/uploads\/WhatsApp-Image-2025-05-26-at-09.55.49-724x1024.jpeg\" alt=\"\" class=\"wp-image-7332\" srcset=\"https:\/\/backup.chrischona-altheim.de\/wp-content\/uploads\/WhatsApp-Image-2025-05-26-at-09.55.49-724x1024.jpeg 724w, https:\/\/backup.chrischona-altheim.de\/wp-content\/uploads\/WhatsApp-Image-2025-05-26-at-09.55.49-212x300.jpeg 212w, https:\/\/backup.chrischona-altheim.de\/wp-content\/uploads\/WhatsApp-Image-2025-05-26-at-09.55.49-768x1086.jpeg 768w, https:\/\/backup.chrischona-altheim.de\/wp-content\/uploads\/WhatsApp-Image-2025-05-26-at-09.55.49-1086x1536.jpeg 1086w, https:\/\/backup.chrischona-altheim.de\/wp-content\/uploads\/WhatsApp-Image-2025-05-26-at-09.55.49.jpeg 1131w\" sizes=\"auto, (max-width: 724px) 100vw, 724px\" \/><\/figure>\n<\/div>\n\n\n\n<div class=\"wp-block-column is-layout-flow wp-block-column-is-layout-flow\">\n<h2 class=\"wp-block-heading\">Nightwatch<\/h2>\n\n\n\n<p>31. Juli \u2013 3. August 2025<br>60\u20ac<br>Anmeldung bis sp\u00e4testens bis 20. Juli 2025<\/p>\n\n\n\n<div class=\"wp-block-buttons is-layout-flex wp-block-buttons-is-layout-flex\">\n<div class=\"wp-block-button\"><a class=\"wp-block-button__link wp-element-button\" href=\"https:\/\/tickets.ec-west.de\/BaWue\/Waldcamp-2.0-25\/\" target=\"_blank\" rel=\"noreferrer noopener\">Jetzt anmelden<\/a><\/div>\n<\/div>\n<\/div>\n<\/div>\n","protected":false},"excerpt":{"rendered":"<p>Das WaldCamp 2.0ist ein Zeltlager f\u00fcr Teens im Alter zwischen 13 und 16 Jahren. Unser altbekannter Zeltplatz liegt wundersch\u00f6n am Waldrand bei der Gemeinde Bissingen ob Lone in der N\u00e4he von Herbrechtingen.Gemeinsam m\u00f6chten Mitarbeiter der Ev. Chrischona-Gemeinden aus Sontheim, Altheim\/Alb, &#8230;<\/p>\n","protected":false},"author":8,"featured_media":0,"parent":0,"menu_order":0,"comment_status":"closed","ping_status":"closed","template":"","meta":{"_acf_changed":false,"advgb_blocks_editor_width":"","advgb_blocks_columns_visual_guide":"","footnotes":""},"class_list":["post-6496","page","type-page","status-publish","hentry"],"acf":[],"coauthors":[],"author_meta":{"author_link":"https:\/\/backup.chrischona-altheim.de\/?author=8","display_name":"Anja"},"relative_dates":{"created":"Posted 3\u00a0Jahren ago","modified":"Updated 11\u00a0Monaten ago"},"absolute_dates":{"created":"Posted on 6. Juli 2023","modified":"Updated on 26. Mai 2025"},"absolute_dates_time":{"created":"Posted on 6. Juli 2023 18:22","modified":"Updated on 26. Mai 2025 10:10"},"featured_img_caption":"","featured_img":false,"series_order":"","_links":{"self":[{"href":"https:\/\/backup.chrischona-altheim.de\/index.php?rest_route=\/wp\/v2\/pages\/6496","targetHints":{"allow":["GET"]}}],"collection":[{"href":"https:\/\/backup.chrischona-altheim.de\/index.php?rest_route=\/wp\/v2\/pages"}],"about":[{"href":"https:\/\/backup.chrischona-altheim.de\/index.php?rest_route=\/wp\/v2\/types\/page"}],"author":[{"embeddable":true,"href":"https:\/\/backup.chrischona-altheim.de\/index.php?rest_route=\/wp\/v2\/users\/8"}],"replies":[{"embeddable":true,"href":"https:\/\/backup.chrischona-altheim.de\/index.php?rest_route=%2Fwp%2Fv2%2Fcomments&post=6496"}],"version-history":[{"count":14,"href":"https:\/\/backup.chrischona-altheim.de\/index.php?rest_route=\/wp\/v2\/pages\/6496\/revisions"}],"predecessor-version":[{"id":7335,"href":"https:\/\/backup.chrischona-altheim.de\/index.php?rest_route=\/wp\/v2\/pages\/6496\/revisions\/7335"}],"wp:attachment":[{"href":"https:\/\/backup.chrischona-altheim.de\/index.php?rest_route=%2Fwp%2Fv2%2Fmedia&parent=6496"}],"curies":[{"name":"wp","href":"https:\/\/api.w.org\/{rel}","templated":true}]}}